hat is the hundreds digit of 8075?
0
What is the hundreds digit of 3972?
9
What is the hundred thousands digit of 135009?
1
What is the tens digit of 5578?
7
What is the ten thousands digit of 173033?
7
What is the tens digit of 6004?
0
What is the hundreds digit of 1427?
4
What is the tens digit of 689?
8
What is the tens digit of 4261?
6
What is the units digit of 4527?
7
What is the tens digit of 602?
0
What is the units digit of 138432?
2
What is the thousands digit of 8041?
8
What is the tens digit of 24726?
2
What is the thousands digit of 60717?
0
What is the thousands digit of 16175?
6
What is the hundreds digit of 9662?
6
What is the ten thousands digit of 29385?
2
What is the hundreds digit of 15475?
4
What is the hundreds digit of 950?
9
What is the thousands digit of 1028?
1
What is the thousands digit of 61671?
1
What is the units digit of 890?
0
What is the thousands digit of 4402?
4
What is the tens digit of 671?
7
What is the thousands digit of 1689?
1
What is the ten thousands digit of 27257?
2
What is the tens digit of 6441?
4
What is the units digit of 27145?
5
What is the thousands digit of 1882?
1
What is the tens digit of 613?
1
What is the hundreds digit of 1495?
4
What is the hundreds digit of 55910?
9
What is the tens digit of 303?
0
What is the tens digit of 86376?
7
What is the units digit of 2621?
1
What is the tens digit of 1948?
4
What is the hundreds digit of 1455?
4
What is the units digit of 9319?
9
What is the hundreds digit of 36743?
7
What is the units digit of 59415?
5
What is the tens digit of 15?
1
What is the thousands digit of 52073?
2
What is the tens digit of 708?
0
What is the thousands digit of 3710?
3
What is the thousands digit of 8018?
8
What is the ten thousands digit of 14531?
1
What is the tens digit of 79381?
8
What is the tens digit of 80?
8
What is the hundreds digit of 4371?
3
What is the units digit of 868?
8
What is the tens digit of 1789?
8
What is the units digit of 15011?
1
What is the ten thousands digit of 52016?
5
What is the thousands digit of 9445?
9
What is the hundreds digit of 1125?
1
What is the thousands digit of 1038?
1
What is the thousands digit of 32237?
2
What is the tens digit of 928?
2
What is the hundreds digit of 2738?
7
What is the units digit of 684?
4
What is the thousands digit of 97803?
7
What is the units digit of 872?
2
What is the hundreds digit of 25203?
2
What is the units digit of 725?
5
What is the hundreds digit of 2930?
9
What is the hundreds digit of 150?
1
What is the hundreds digit of 33849?
8
What is the thousands digit of 3860?
3
What is the hundreds digit of 14378?
3
What is the thousands digit of 6831?
6
What is the units digit of 91317?
7
What is the units digit of 3501?
1
What is the hundreds digit of 4061?
0
What is the units digit of 9977?
7
What is the units digit of 481?
1
What is the ten thousands digit of 23255?
2
What is the units digit of 361?
1
What is the hundreds digit of 9969?
9
What is the thousands digit of 4362?
4
What is the units digit of 323?
3
What is the tens digit of 882?
8
What is the tens digit of 3199?
9
What is the units digit of 23930?
0
What is the thousands digit of 6957?
6
What is the thousands digit of 2056?
2
What is the thousands digit of 5907?
5
What is the tens digit of 8779?
7
What is the thousands digit of 2147?
2
What is the hundreds digit of 51274?
2
What is the thousands digit of 2934?
2
What is the tens digit of 805?
0
What is the tens digit of 679?
7
What is the thousands digit of 15056?
5
What is the hundreds digit of 320?
3
What is the ten thousands digit of 17234?
1
What is the hundreds digit of 36865?
8
What is the units digit of 858?
8
What is the tens digit of 202?
0
What is the units digit of 35113?
3
What is the units digit of 3925?
5
What is the thousands digit of 1729?
1
What is the hundreds digit of 18546?
5
What is the ten thousands digit of 13284?
1
What is the hundreds digit of 53107?
1
What is the ten thousands digit of 30654?
3
What is the ten thousands digit of 21098?
2
What is the units digit of 2476?
6
What is the tens digit of 3952?
5
What is the tens digit of 22693?
9
What is the tens digit of 1708?
0
What is the units digit of 1082?
2
What is the hundreds digit of 862?
8
What is the hundreds digit of 12526?
5
What is the thousands digit of 14841?
4
What is the tens digit of 490?
9
What is the thousands digit of 3203?
3
What is the hundreds digit of 4725?
7
What is the ten thousands digit of 10450?
1
What is the tens digit of 2216?
1
What is the tens digit of 22258?
5
What is the hundreds digit of 22562?
5
What is the hundreds digit of 102346?
3
What is the units digit of 74499?
9
What is the hundreds digit of 3158?
1
What is the hundreds digit of 427?
4
What is the thousands digit of 7078?
7
What is the hundreds digit of 8669?
6
What is the units digit of 336?
6
What is the hundreds digit of 5640?
6
What is the tens digit of 612?
1
What is the tens digit of 934?
3
What is the hundreds digit of 2642?
6
What is the tens digit of 95007?
0
What is the hundreds digit of 18438?
4
What is the tens digit of 1221?
2
What is the ten thousands digit of 30647?
3
What is the units digit of 1868?
8
What is the ten thousands digit of 31634?
3
What is the units digit of 3204?
4
What is the hundreds digit of 12045?
0
What is the tens digit of 145?
4
What is the tens digit of 2190?
9
What is the tens digit of 1775?
7
What is the thousands digit of 4838?
4
What is the units digit of 2838?
8
What is the units digit of 10363?
3
What is the tens digit of 1227?
2
What is the thousands digit of 1370?
1
What is the thousands digit of 9180?
9
What is the units digit of 14?
4
What is the tens digit of 586?
8
What is the hundreds digit of 10611?
6
What is the thousands digit of 14533?
4
What is the hundreds digit of 4837?
8
What is the thousands digit of 161915?
1
What is the ten thousands digit of 71390?
7
What is the tens digit of 549?
4
What is the hundreds digit of 4031?
0
What is the hundreds digit of 427?
4
What is the tens digit of 667?
6
What is the units digit of 12?
2
What is the tens digit of 1274?
7
What is the hundreds digit of 2350?
3
What is the units digit of 1368?
8
What is the hundreds digit of 192?
1
What is the units digit of 62633?
3
What is the units digit of 326?
6
What is the hundreds digit of 5691?
6
What is the ten thousands digit of 80852?
8
What is the hundreds digit of 18231?
2
What is the units digit of 610?
0
What is the ten thousands digit of 44509?
4
What is the hundreds digit of 554?
5
What is the tens digit of 11145?
4
What is the hundreds digit of 92976?
9
What is the units digit of 250?
0
What is the hundreds digit of 2233?
2
What is the thousands digit of 8443?
8
What is the tens digit of 689?
8
What is the hundreds digit of 83859?
8
What is the tens digit of 25765?
6
What is the thousands digit of 2395?
2
What is the thousands digit of 4573?
4
What is the thousands digit of 1152?
1
What is the tens digit of 28589?
8
What is the thousands digit of 2867?
2
What is the tens digit of 1092?
9
What is the hundreds digit of 1446?
4
What is the tens digit of 11692?
9
What is the hundreds digit of 2031?
0
What is the tens digit of 761?
6
What is the thousands digit of 6380?
6
What is the tens digit of 2877?
7
What is the ten thousands digit of 10212?
1
What is the tens digit of 6605?
0
What is the tens digit of 574?
7
What is the hundreds digit of 3235?
2
What is the tens digit of 30268?
6
What is the hundreds digit of 1005?
0
What is the units digit of 726?
6
What is the units digit of 5653?
3
What is the thousands digit of 37815?
7
What is the tens digit of 12116?
1
What is the ten thousands digit of 15413?
1
What is the ten thousands digit of 39372?
3
What is the units digit of 7026?
6
What is the units digit of 101525?
5
What is the units digit of 674?
4
What is the ten thousands digit of 17525?
1
What is the hundreds digit of 5168?
1
What is the tens digit of 1177?
7
What is the thousands digit of 1201?
1
What is the hundreds digit of 14554?
5
What is the thousands digit of 3501?
3
What is the hundreds digit of 4780?
7
What is the units digit of 159?
9
What is the units digit of 83920?
0
What is the units digit of 421?
1
What is the tens digit of 1442?
4
What is the uni